{"id":30,"date":"2018-04-06T13:54:18","date_gmt":"2018-04-06T13:54:18","guid":{"rendered":"https:\/\/matissemimarlik.com.tr\/?page_id=30"},"modified":"2024-12-18T10:44:01","modified_gmt":"2024-12-18T10:44:01","slug":"offer","status":"publish","type":"page","link":"https:\/\/matissemimarlik.com\/?page_id=30","title":{"rendered":"S\u00fcrd\u00fcr\u00fclebilirlik"},"content":{"rendered":"","protected":false},"excerpt":{"rendered":"","protected":false},"author":1,"featured_media":74,"parent":0,"menu_order":0,"comment_status":"open","ping_status":"closed","template":"","meta":{"footnotes":""},"class_list":["post-30","page","type-page","status-publish","has-post-thumbnail","hentry"],"_links":{"self":[{"href":"https:\/\/matissemimarlik.com\/index.php?rest_route=\/wp\/v2\/pages\/30"}],"collection":[{"href":"https:\/\/matissemimarlik.com\/index.php?rest_route=\/wp\/v2\/pages"}],"about":[{"href":"https:\/\/matissemimarlik.com\/index.php?rest_route=\/wp\/v2\/types\/page"}],"author":[{"embeddable":true,"href":"https:\/\/matissemimarlik.com\/index.php?rest_route=\/wp\/v2\/users\/1"}],"replies":[{"embeddable":true,"href":"https:\/\/matissemimarlik.com\/index.php?rest_route=%2Fwp%2Fv2%2Fcomments&post=30"}],"version-history":[{"count":1,"href":"https:\/\/matissemimarlik.com\/index.php?rest_route=\/wp\/v2\/pages\/30\/revisions"}],"predecessor-version":[{"id":78,"href":"https:\/\/matissemimarlik.com\/index.php?rest_route=\/wp\/v2\/pages\/30\/revisions\/78"}],"wp:featuredmedia":[{"embeddable":true,"href":"https:\/\/matissemimarlik.com\/index.php?rest_route=\/wp\/v2\/media\/74"}],"wp:attachment":[{"href":"https:\/\/matissemimarlik.com\/index.php?rest_route=%2Fwp%2Fv2%2Fmedia&parent=30"}],"curies":[{"name":"wp","href":"https:\/\/api.w.org\/{rel}","templated":true}]}}